2 - 16*q + 31. Let h be y(15). Calculate the highest common divisor of h and 144.
16
Let y(s) = -34*s - 92. Let i be y(-6). Calculate the greatest common factor of i and 48.
16
Suppose 2*a = a + 4*b - 6, -4*b = a - 18. Calculate the greatest common divisor of 2 and a.
2
Suppose 3*h = -h + 168. Calculate the highest common factor of 6 and h.
6
Suppose 4*y + 56 = 184. What is the greatest common factor of y and 64?
32
Let u = 212 + -376. Let i be 6/8 + u/(-16). What is the highest common divisor of i and 77?
11
Suppose 5*b + 35 = 4*x, -2*x - 4*b = -7 - 17. Calculate the highest common divisor of x and 20.
10
Let y = -1 + 7. Let a be 4/(-6) - (-10)/y. Let j(b) = 11*b**3 + b - 1. Let o be j(a). What is the highest common divisor of o and 99?
11
Let z be 6/((-9)/6 + 2). Calculate the highest common divisor of 4 and z.
4
Let s be -2*9/6 - (-68)/4. Calculate the highest common divisor of s and 35.
7
Suppose 3*y = -3*u + 2481, 4141 = 3*u + 2*u - y. Suppose s + 3*s = u. Calculate the greatest common divisor of s and 23.
23
Let l be (-245)/(-14)*(-8)/(-5). Calculate the greatest common factor of l and 4.
4
Let n(q) = -22*q. Let r be n(-1). Let v be 52 + (-1 - -7) + -3. Calculate the greatest common factor of r and v.
11
Let o be ((-44)/(-55))/(4/10). Suppose -125 = -o*h + 155. Calculate the greatest common factor of 56 and h.
28
Let b = 38 - 29. Calculate the greatest common divisor of 9 and b.
9
Let h(s) = s**3 - 5*s**2 - 4*s - 4. Let y be (-40)/(-7) - 12/(-42). Let c be h(y). Let a be 1/4 - (-1582)/c. What is the highest common factor of a and 18?
18
Suppose -l = 4*l - 5*v - 20, 4*l + 2*v = 4. Let p(j) = -j**3 + j - 1. Let t be p(0). Let x = t - -2. What is the greatest common factor of l and x?
1
Let u be (-2)/(-3) - 1972/(-12). What is the highest common factor of 15 and u?
15
Suppose 5*n = -0*n - 4*r + 133, n + 2*r - 23 = 0. Suppose 16 - 58 = -3*w. Let a = n - w. Calculate the greatest common divisor of a and 15.
15
Let h(w) be the third derivative of 79*w**5/60 - w**4/24 + 3*w**2. Let c be h(-1). Calculate the greatest common divisor of c and 32.
16
Let o be -1*3/(-2) - 2/(-4). Suppose 2 + 2 = 4*z. Calculate the greatest common divisor of o and z.
1
Suppose -3*v + 38 = -o - o, 76 = 5*v + 3*o. Calculate the greatest common factor of 154 and v.
14
Let q(h) = 6*h - 3. Let v be q(4). Let p(o) = 7 + o + o**2 - 9*o + 2*o. Let g be p(6). Calculate the highest common factor of v and g.
7
Let d be 116 - (1 + 1)*-2. What is the greatest common factor of d and 24?
24
Suppose 3*u - 273 = 3*n, -5*u + 275 = -3*n - 0*u. Let b = n + 162. Calculate the highest common factor of 8 and b.
8
Let c be ((24/5)/4)/((-6)/(-280)). What is the highest common divisor of c and 7?
7
Let z = 1 - 1. Suppose 5*u + 0*u - 55 = z. What is the greatest common divisor of u and 88?
11
Let t be (-8)/(-44) + (-84)/(-22). Let z be ((-252)/45)/(t/(-10)). Calculate the greatest common divisor of 98 and z.
14
Let o be 33/21 - 6/(-14). Let i(f) = -3*f - 1. Let p be i(-6). Suppose 4*d + 73 = 3*g, -o*g = 5*d - p - 1. Calculate the highest common divisor of 38 and g.
19
Let c(a) = -5*a**2 - 4*a + 6. Let t(b) = -b + 1. Let r(o) = -c(o) + 6*t(o). Let g be r(-2). What is the greatest common divisor of g and 16?
8
Let m be 220/15 - 1/(-3). Calculate the highest common factor of 6 and m.
3
Let n be 14/(-2 + (-26)/(-12)). Let f be 20 - 1 - (-1 + 1). Let a = f - -2. Calculate the highest common divisor of n and a.
21
Let w(x) = x - 1. Let o be w(8). Calculate the highest common factor of o and 49.
7
Let w = -15 - -54. Calculate the greatest common divisor of 78 and w.
39
Let q(s) = s**3 + 8*s**2 + 6*s + 1. Let x be q(-7). Suppose 146 = 5*a - 2*r - 50, 5*a + 3*r = 206. Calculate the greatest common factor of a and x.
8
Let h be (1 + -5)/(27/(-54)). Calculate the highest common factor of 40 and h.
8
Suppose 0 = 2*d - 34 - 36. Suppose -5*l - r = -6*r - d, 5*r = -l - 5. Calculate the greatest common divisor of 20 and l.
5
Let h be -4*1/(-2)*-8. Suppose 3*f + 16 + 14 = 0. Let n = f - h. Calculate the highest common divisor of n and 54.
6
Let r(a) = 2*a - 4. Let d be r(3). Suppose d*s = -3*s + 30. Let x(w) = -7*w + 2. Let j be x(-4). What is the greatest common divisor of s and j?
6
Let x = -2 - -23. Suppose -6*c + 42 = -3*c. Calculate the highest common divisor of x and c.
7
Suppose -c = -11 + 7. Suppose c*q - 7 = 17. What is the greatest common factor of q and 12?
6
Let c = 119 - 75. What is the highest common factor of 11 and c?
11
Let z be -4 + 1974/8 - 3/4. Calculate the highest common divisor of z and 22.
22
Suppose -17*t = -13*t - 104. Calculate the greatest common divisor of 182 and t.
26
Suppose r - 88 = 5*v - v, -4*v = -5*r + 488. Calculate the highest common factor of r and 20.
20
Let m(h) = 14*h**2 - 4*h + 3*h + 3*h**2. Let f be m(-1). Let v(w) = 9*w**3 + w - 1. Let j be v(1). Calculate the greatest common factor of j and f.
9
Let j(h) = -13*h - 10. Let t be j(-5). Calculate the highest common divisor of 11 and t.
11
Let j be -2 - -15*(-4)/(-6). Calculate the highest common factor of j and 2.
2
Suppose -156 = a - 7*a. What is the highest common divisor of 13 and a?
13
Let o(a) = -3*a - 2. Let j be o(-2). Suppose 0 = j*i - 3 - 5. Let l be i/6 + (-526)/(-6). What is the highest common factor of 11 and l?
11
Let c = 0 - 14. Let a = c - -20. Calculate the highest common divisor of a and 30.
6
Let z = 0 + 8. Let p = z + 4. Let q be (1 - -7)*(-2 + 5). Calculate the highest common divisor of p and q.
12
Let s be (-6)/4*(-20)/3. Let h(r) = -r**3 + 7*r**2 + 7*r - 6. Let x be h(4). Calculate the highest common factor of x and s.
10
Suppose 3*n - 1018 = -2*g - 0*g, -3*g + 351 = n. Suppose x = i + 84, 4*x - i = i + n. Calculate the highest common divisor of x and 12.
12
Let j(a) = 4*a**2 + 9*a - 8. Let g be j(1). Calculate the highest common divisor of g and 5.
5
Let q be 1/2*84/6. Let w be ((-6)/q)/(3/(-21)). Let m be (-8)/28 + 170/7. What is the greatest common divisor of m and w?
6
Suppose -16*r = -15*r - 10. Calculate the highest common factor of r and 5.
5
Let k = 14 + -12. Suppose -s + k*d + 79 = 4*s, 3*d = 5*s - 81. Let b = 11 + -5. Calculate the greatest common divisor of s and b.
3
Let u(k) = -3*k - 1. Let q be u(-1). Let z be 8*8 + q + -4. Suppose -5*v = -z - 38. What is the greatest common factor of v and 30?
10
Let p(y) = y**3 + 2*y**2 + 3*y - 2. Let a be p(2). What is the greatest common divisor of a and 4?
4
Let f be 0/3 + 97 + 3. What is the highest common factor of f and 4?
4
Let v(u) = 2*u**2 - 5. Let t be v(-3). Let p = -8 - -14. Let r be (p/(-4))/(3/(-104)). Calculate the highest common divisor of t and r.
13
Suppose 0 = 6*t - 10*t + 32. Let c(d) = -7*d - 2. Let q be c(-6). Calculate the greatest common factor of q and t.
8
Suppose -5*l + 2*p + 443 - 81 = 0, 0 = 3*l + 5*p - 211. Let j(i) = i**3 + 6*i**2 - i + 2. Let a be j(-6). What is the greatest common factor of l and a?
8
Let b(x) = x**3 + 4*x**2 - 7*x - 10. Let z be b(-4). Suppose 2*j - 7*j = -90. What is the greatest common factor of j and z?
18
Suppose -321 = 4*t - 881. Let l be 2/(-5) - (-216)/40. Suppose 0 = 3*a - l*r - 50, -2*r + 64 = 6*a - 3*a. Calculate the highest common divisor of t and a.
20
Let x be (24/(-5))/((-3)/30). Let p(o) = -o**3 - 5*o**2 + o + 7. Let h be p(-5). Suppose -h*v = 2*v - 48. What is the greatest common factor of v and x?
12
Let a be 6*(0 - 3/9). Let j be (-3)/(-6) - (-13)/(-2). Let q = a - j. What is the highest common divisor of 32 and q?
4
Let l = -10 + 20. Calculate the highest common factor of l and 5.
5
Let y(a) = a. Let b be y(6). Suppose -b = -2*z + 2*t, 13 = -z + 5*t - 4. Let k(v) = -16*v. Let x be k(-4). What is the greatest common factor of z and x?
8
Let b = 21 + -18. Calculate the highest common divisor of 33 and b.
3
Suppose t = 5*n + 7, 0 = -3*t + 5*n - n + 21. Let v(f) = -f**2 - 5*f + 1. Let b be v(-5). What is the highest common divisor of b and t?
1
Let f(z) = 7*z + 25. Let x be f(0). What is the greatest common factor of x and 125?
25
Let u(l) = -10*l - 2. Suppose 5*c - 2 = -2*x + 2*c, 3*x + 3*c = 0. Let q be u(x). Let i be (1 + 0)*9*4. Calculate the highest common divisor of q and i.
18
Suppose -2*g + 144 = -0*g. What is the highest common divisor of 8 and g?
8
Suppose -2*u + u = 